{"id":95,"date":"2020-12-03T07:23:41","date_gmt":"2020-12-03T06:23:41","guid":{"rendered":"https:\/\/www.langzeitmiete-leasing.de\/bmw-leasing\/?page_id=95"},"modified":"2025-11-25T08:23:04","modified_gmt":"2025-11-25T07:23:04","slug":"fahrzeugwunsch","status":"publish","type":"page","link":"https:\/\/www.langzeitmiete-leasing.de\/bmw-leasing\/fahrzeugwunsch\/","title":{"rendered":"Fahrzeugwunsch"},"content":{"rendered":"<p>Haben Sie nichts gefunden?<\/p>\n<p>F\u00fcllen Sie unten genanntes Formular aus um ein bestimmtes Fahrzeug zu finden oder rufen uns unter 02161\/6398369 oder 0171\/7703231 an. <\/p>\n<p>Durch unsere Kontakte zu BMW H\u00e4ndlern und Niederlassungen finden wir den  passenden Wagen.<\/p>\n<p>Wir nehmen immer die Fahrzeuge auf die Seite, die unseres Erachtens vom Preis Leistungsverh\u00e4ltnis top sind.<br \/>\n\n<div class=\"wpcf7 no-js\" id=\"wpcf7-f38-o1\" lang=\"de-DE\" dir=\"ltr\" data-wpcf7-id=\"38\">\n<div class=\"screen-reader-response\"><p role=\"status\" aria-live=\"polite\" aria-atomic=\"true\"><\/p> <ul><\/ul><\/div>\n<form action=\"\/bmw-leasing\/wp-json\/wp\/v2\/pages\/95#wpcf7-f38-o1\" method=\"post\" class=\"wpcf7-form init wpcf7-acceptance-as-validation\" aria-label=\"Kontaktformular\" novalidate=\"novalidate\" data-status=\"init\">\n<fieldset class=\"hidden-fields-container\"><input type=\"hidden\" name=\"_wpcf7\" value=\"38\" \/><input type=\"hidden\" name=\"_wpcf7_version\" value=\"6.1.5\" \/><input type=\"hidden\" name=\"_wpcf7_locale\" value=\"de_DE\" \/><input type=\"hidden\" name=\"_wpcf7_unit_tag\" value=\"wpcf7-f38-o1\" \/><input type=\"hidden\" name=\"_wpcf7_container_post\" value=\"0\" \/><input type=\"hidden\" name=\"_wpcf7_posted_data_hash\" value=\"\" \/>\n<\/fieldset>\n<p><label> Ihr Name<br \/>\n<span class=\"wpcf7-form-control-wrap\" data-name=\"your-name\"><input size=\"40\" maxlength=\"400\" class=\"wpcf7-form-control wpcf7-text wpcf7-validates-as-required\" aria-required=\"true\" aria-invalid=\"false\" value=\"\" type=\"text\" name=\"your-name\" \/><\/span> <\/label>\n<\/p>\n<p><label> Ihre E-Mail-Adresse<br \/>\n<span class=\"wpcf7-form-control-wrap\" data-name=\"your-email\"><input size=\"40\" maxlength=\"400\" class=\"wpcf7-form-control wpcf7-email wpcf7-validates-as-required wpcf7-text wpcf7-validates-as-email\" aria-required=\"true\" aria-invalid=\"false\" value=\"\" type=\"email\" name=\"your-email\" \/><\/span> <\/label>\n<\/p>\n<p><label> Ihre Rufnummer<br \/>\n<span class=\"wpcf7-form-control-wrap\" data-name=\"IhreTelefonnummer\"><input size=\"40\" maxlength=\"400\" class=\"wpcf7-form-control wpcf7-text\" aria-invalid=\"false\" value=\"Festnetz\/ mobil\" type=\"text\" name=\"IhreTelefonnummer\" \/><\/span><br \/>\n<\/label><br \/>\n<label>Ihre Jahreslaufleistung<br \/>\n<span class=\"wpcf7-form-control-wrap\" data-name=\"IhreKilometerlaufleistungJahr\"><input size=\"40\" maxlength=\"400\" class=\"wpcf7-form-control wpcf7-text\" aria-invalid=\"false\" value=\"\" type=\"text\" name=\"IhreKilometerlaufleistungJahr\" \/><\/span><br \/>\n<\/label><br \/>\n<label>Ihre gew\u00fcnschte Leasingdauer<br \/>\n<span class=\"wpcf7-form-control-wrap\" data-name=\"gewnschteLaufzeit\"><input size=\"40\" maxlength=\"400\" class=\"wpcf7-form-control wpcf7-text\" aria-invalid=\"false\" value=\"24 36 oder 42 Monate\" type=\"text\" name=\"gewnschteLaufzeit\" \/><\/span><br \/>\n<\/label><br \/>\n<span class=\"wpcf7-form-control-wrap\" data-name=\"bernahme\"><input size=\"40\" maxlength=\"400\" class=\"wpcf7-form-control wpcf7-text\" aria-invalid=\"false\" value=\"Datum der \u00dcbernahme\" type=\"text\" name=\"bernahme\" \/><\/span><br \/>\n<br \/>\n<label> Ihre Nachricht (optional)<br \/>\n<span class=\"wpcf7-form-control-wrap\" data-name=\"your-message\"><textarea cols=\"40\" rows=\"10\" maxlength=\"2000\" class=\"wpcf7-form-control wpcf7-textarea\" aria-invalid=\"false\" name=\"your-message\"><\/textarea><\/span> <\/label>\n<\/p>\n<p><span class=\"wpcf7-form-control-wrap\" data-name=\"Zustimmung\"><span class=\"wpcf7-form-control wpcf7-acceptance\"><span class=\"wpcf7-list-item\"><label><input type=\"checkbox\" name=\"Zustimmung\" value=\"1\" aria-invalid=\"false\" \/><span class=\"wpcf7-list-item-label\">(Wichtig, <b>Haken setzen<\/b>-sonst funftioniert das Formular nicht)Ich stimmen zu, dass meine Angaben aus dem Formular zur Beantwortung meiner Anfrage erhoben und verarbeitet werden. Die Daten werden f\u00fcr 10 Jahre gespeichert oder auf Wunsch gel\u00f6scht, Sie k\u00f6nnen Ihre Einwilligung jederzeit f\u00fcr die Zukunft per Mail an info@langzeitmiete-leasing.de widerrufen. Weitere Informationen finden Sie in unserer <a href=\"https:\/\/www.langzeitmiete-leasing.de\/bmw-leasing\/datenschutz\/\">Datenschutzerkl\u00e4rung<\/><\/span><\/label><\/span><\/span><\/span>\n<\/p>\n<p><input class=\"wpcf7-form-control wpcf7-submit has-spinner\" type=\"submit\" value=\"Senden\" \/>\n<\/p><input type='hidden' class='wpcf7-pum' value='{\"closepopup\":false,\"closedelay\":0,\"openpopup\":false,\"openpopup_id\":0}' \/><div class=\"wpcf7-response-output\" aria-hidden=\"true\"><\/div>\n<\/form>\n<\/div>\n<\/p>\n","protected":false},"excerpt":{"rendered":"<p>Haben Sie nichts gefunden? F\u00fcllen Sie unten genanntes Formular aus um ein bestimmtes Fahrzeug zu finden oder rufen uns unter 02161\/6398369 oder 0171\/7703231 an. Durch unsere Kontakte zu BMW H\u00e4ndlern und Niederlassungen finden wir den passenden Wagen. Wir nehmen immer die Fahrzeuge auf die Seite, die unseres Erachtens vom Preis Leistungsverh\u00e4ltnis top sind.<\/p>\n","protected":false},"author":1,"featured_media":0,"parent":0,"menu_order":0,"comment_status":"closed","ping_status":"closed","template":"","meta":{"footnotes":""},"class_list":["post-95","page","type-page","status-publish","hentry"],"aioseo_notices":[],"_links":{"self":[{"href":"https:\/\/www.langzeitmiete-leasing.de\/bmw-leasing\/wp-json\/wp\/v2\/pages\/95","targetHints":{"allow":["GET"]}}],"collection":[{"href":"https:\/\/www.langzeitmiete-leasing.de\/bmw-leasing\/wp-json\/wp\/v2\/pages"}],"about":[{"href":"https:\/\/www.langzeitmiete-leasing.de\/bmw-leasing\/wp-json\/wp\/v2\/types\/page"}],"author":[{"embeddable":true,"href":"https:\/\/www.langzeitmiete-leasing.de\/bmw-leasing\/wp-json\/wp\/v2\/users\/1"}],"replies":[{"embeddable":true,"href":"https:\/\/www.langzeitmiete-leasing.de\/bmw-leasing\/wp-json\/wp\/v2\/comments?post=95"}],"version-history":[{"count":4,"href":"https:\/\/www.langzeitmiete-leasing.de\/bmw-leasing\/wp-json\/wp\/v2\/pages\/95\/revisions"}],"predecessor-version":[{"id":5185,"href":"https:\/\/www.langzeitmiete-leasing.de\/bmw-leasing\/wp-json\/wp\/v2\/pages\/95\/revisions\/5185"}],"wp:attachment":[{"href":"https:\/\/www.langzeitmiete-leasing.de\/bmw-leasing\/wp-json\/wp\/v2\/media?parent=95"}],"curies":[{"name":"wp","href":"https:\/\/api.w.org\/{rel}","templated":true}]}}