{"id":43,"date":"2021-08-06T08:20:05","date_gmt":"2021-08-06T06:20:05","guid":{"rendered":"https:\/\/www.langzeitmiete-leasing.de\/bmw-leasing\/?page_id=43"},"modified":"2025-03-11T08:40:12","modified_gmt":"2025-03-11T07:40:12","slug":"bmw-leasing-ohne-anzahlung","status":"publish","type":"page","link":"https:\/\/www.langzeitmiete-leasing.de\/bmw-leasing\/bmw-leasing-ohne-anzahlung\/","title":{"rendered":"BMW Leasing ohne Anzahlung"},"content":{"rendered":"<p>Seit 2001 beraten wir mittelst\u00e4ndische Firmen in Fuhrparkfragen.<\/p>\n<p>\u00dcber 10 Jahre vermitteln wir BMW Jahreswagen von BMW H\u00e4ndlern und Niederlassungen an unsere Kunden.<\/p>\n<p>Die Raten sind f\u00fcr privates und gewerbliches Leasing gerechnet. BMW gibt eine dreij\u00e4hrige Neuwagengarantie und Sie erhalten \u00fcber die Leasingangebote eine zweij\u00e4hrige Garantieverl\u00e4ngerung Premium Selection.<\/p>\n<p>Alle Fahrzeuge stammen aus den R\u00fcckkaufprogrammen des Herstellers, also R\u00fccklauf von Mietwagen, Werkswagen, Beh\u00f6rdenfahrzeugen etc&#8230;.<\/p>\n<p>Profitieren Sie von diesen Serviceleistungen und vor allem an spitz gerechneten Leasingraten ohne Anzahlung.<\/p>\n<p>Es ist reines Kilometerleasing, d.h. ohne Restwertrisiko, da Sie am Leasingende zuviel gefahrene Kilometer bezahlen oder zuwenig gefahrene Kilometer erstattet bekommen. Hier ist eine Toleranz von 2.500km akzeptiert.<\/p>\n<p>In der Regel rechnen wir die Leasingraten mit 10.000km Jahr bei 36 Monaten Laufzeit. H\u00f6here Kilometerlaufleistungen sind kein Problem, werden vom Verk\u00e4ufer gerechnet, daher nutzen Sie bitte das Formular unter jedem Fahrzeug.<\/p>\n","protected":false},"excerpt":{"rendered":"<p>Seit 2001 beraten wir mittelst\u00e4ndische Firmen in Fuhrparkfragen. \u00dcber 10 Jahre vermitteln wir BMW Jahreswagen von BMW H\u00e4ndlern und Niederlassungen an unsere Kunden. Die Raten sind f\u00fcr privates und gewerbliches Leasing gerechnet. BMW gibt eine dreij\u00e4hrige Neuwagengarantie und Sie erhalten \u00fcber die Leasingangebote eine zweij\u00e4hrige Garantieverl\u00e4ngerung Premium Selection. Alle Fahrzeuge stammen aus den R\u00fcckkaufprogrammen des &hellip; <a href=\"https:\/\/www.langzeitmiete-leasing.de\/bmw-leasing\/bmw-leasing-ohne-anzahlung\/\" class=\"more-link\"><span class=\"screen-reader-text\">BMW Leasing ohne Anzahlung<\/span> weiterlesen<\/a><\/p>\n","protected":false},"author":1,"featured_media":0,"parent":0,"menu_order":0,"comment_status":"closed","ping_status":"closed","template":"","meta":{"footnotes":""},"class_list":["post-43","page","type-page","status-publish","hentry"],"aioseo_notices":[],"_links":{"self":[{"href":"https:\/\/www.langzeitmiete-leasing.de\/bmw-leasing\/wp-json\/wp\/v2\/pages\/43","targetHints":{"allow":["GET"]}}],"collection":[{"href":"https:\/\/www.langzeitmiete-leasing.de\/bmw-leasing\/wp-json\/wp\/v2\/pages"}],"about":[{"href":"https:\/\/www.langzeitmiete-leasing.de\/bmw-leasing\/wp-json\/wp\/v2\/types\/page"}],"author":[{"embeddable":true,"href":"https:\/\/www.langzeitmiete-leasing.de\/bmw-leasing\/wp-json\/wp\/v2\/users\/1"}],"replies":[{"embeddable":true,"href":"https:\/\/www.langzeitmiete-leasing.de\/bmw-leasing\/wp-json\/wp\/v2\/comments?post=43"}],"version-history":[{"count":5,"href":"https:\/\/www.langzeitmiete-leasing.de\/bmw-leasing\/wp-json\/wp\/v2\/pages\/43\/revisions"}],"predecessor-version":[{"id":4017,"href":"https:\/\/www.langzeitmiete-leasing.de\/bmw-leasing\/wp-json\/wp\/v2\/pages\/43\/revisions\/4017"}],"wp:attachment":[{"href":"https:\/\/www.langzeitmiete-leasing.de\/bmw-leasing\/wp-json\/wp\/v2\/media?parent=43"}],"curies":[{"name":"wp","href":"https:\/\/api.w.org\/{rel}","templated":true}]}}