{"id":23,"date":"2020-12-02T07:56:44","date_gmt":"2020-12-02T06:56:44","guid":{"rendered":"https:\/\/www.langzeitmiete-leasing.de\/bmw-leasing\/?page_id=23"},"modified":"2021-02-19T19:35:09","modified_gmt":"2021-02-19T18:35:09","slug":"impressum","status":"publish","type":"page","link":"https:\/\/www.langzeitmiete-leasing.de\/bmw-leasing\/impressum\/","title":{"rendered":"Impressum"},"content":{"rendered":"<p align=\"center\"><span style=\"font-size: x-small;\"> Impressum<\/span><\/p>\n<p align=\"left\"><span style=\"font-size: x-small;\">car-bizz.de ein Service von<\/span><\/p>\n<p align=\"left\"><span style=\"font-size: x-small;\">Burkhard Peuker Fuhrparkberatung<\/span><\/p>\n<p align=\"left\"><span style=\"font-size: x-small;\">Schweilbacher Str. 148<\/span><\/p>\n<p align=\"left\"><span style=\"font-size: x-small;\">52146 W\u00fcrselen bei Aachen<\/span><\/p>\n<p align=\"left\"><span style=\"font-size: x-small;\">T 02161\/6398369<\/span><\/p>\n<p align=\"left\"><span style=\"font-size: x-small;\">M0171\/7703231<\/span><\/p>\n<p align=\"left\">Umsatzsteuer-Identifikationsnummer gem. \u00a7 27a UStG: DE213746949<\/p>\n<p>Inhaltlich Verantwortlicher gem. \u00a7 55 II RStV: Burkhard Peuker (Anschrift s.o.)<\/p>\n<div><span style=\"font-size: x-small;\">Im Falle von Domainstreitigkeiten, eventuellen Verst\u00f6ssen gegen das TDG oder den MDStV oder bei wettbewerbsrechtlichen oder \u00e4hnlichen Problemen bitten wir Sie, uns zur Vermeidung unn\u00f6tiger Rechtsstreitigkeiten und Kosten bereits im Vorfeld zu kontaktieren. (Kontaktdaten s.o.). Wir beabsichtigen nicht, uns mit einer eventuellen Unkorrektheit gegen geltendes Recht durchzusetzen.<br \/>\n<\/span><\/div>\n<div><span style=\"font-size: x-small;\"><br \/>\n<\/span><\/div>\n<div><span style=\"font-size: x-small;\">Wir erkl\u00e4ren hiermit ausdr\u00fccklich unsere Kooperationsbereitschaft und dass wir alle erforderlichen Ma\u00dfnahmen zur Beseitigung eines etwaigen Mangels ergreifen werden.<br \/>\n<\/span><\/div>\n<div><span style=\"font-size: x-small;\"><br \/>\n<\/span><\/div>\n<div><span style=\"font-size: x-small;\">Die Kostennote einer anwaltlichen Abmahnung &#8211; ohne vorhergehende Kontaktaufnahme &#8211; wird daher im Sinne der Schadensminderungspflicht als unbegr\u00fcndet zur\u00fcckgewiesen<\/span>.<\/div>\n<p align=\"center\"><span style=\"font-size: x-small;\">Disclaimer Datenschutz<\/span><\/p>\n<p align=\"center\"><span style=\"font-size: x-small;\">Verweise und Links<\/span><\/p>\n<p><span style=\"font-size: x-small;\">Wir, die Peuker Fuhrparkberatung nehmen den Schutz Ihrer pers\u00f6nlichen Daten sehr ernst und halten uns strikt an die Regeln der Datenschutzgesetze. Personenbezogene Daten werden auf dieser Webseite nur im technisch notwendigen Umfang erhoben. In keinem Fall werden die erhobenen Daten verkauft oder aus anderen niederen Gr\u00fcnden an Dritte weitergegeben.Ihre Daten werden lediglich an die Kooperationspartner zur weiteren Bearbeitung und Bonit\u00e4tspr\u00fcfung weitergegeben, der Sie durch Interesse durch die abgesendete Email zugestimmt haben.<\/span><\/p>\n<p><span style=\"font-size: x-small;\">Die nachfolgende Erkl\u00e4rung gibt Ihnen einen \u00dcberblick dar\u00fcber, wie wir diesen Schutz gew\u00e4hrleisten und welche Art von Daten zu welchem Zweck erhoben werden.<\/span><\/p>\n<p><span style=\"font-size: x-small;\">Datenverarbeitung auf dieser Internetseite<\/span><\/p>\n<p><span style=\"font-size: x-small;\">Strato bzw. Loomes erheben und speichern automatisch in ihren Server Log Files Informationen, die Ihr Browser an uns \u00fcbermittelt. Dies sind:<\/span><\/p>\n<ul>\n<li><span style=\"font-size: x-small;\">Browsertyp\/ -version<\/span><\/li>\n<\/ul>\n<ul>\n<li><span style=\"font-size: x-small;\">verwendetes Betriebssystem<\/span><\/li>\n<li><span style=\"font-size: x-small;\">Referrer URL (die zuvor besuchte Seite)<\/span><\/li>\n<li><span style=\"font-size: x-small;\">Hostname des zugreifenden Rechners (IP Adresse)<\/span><\/li>\n<li><span style=\"font-size: x-small;\">Uhrzeit der Serveranfrage.<\/span><\/li>\n<\/ul>\n<p><span style=\"font-size: x-small;\">Diese Daten sind f\u00fcr uns nicht bestimmten Personen zuzuordnen. Eine Zusammenf\u00fchrung dieser Daten mit anderen Datenquellen wird nicht vorgenommen, die Daten werden zudem nach einer statistischen Auswertung gel\u00f6scht.<\/span><\/p>\n<p><span style=\"font-size: x-small;\"><strong>Newsletter<\/strong><\/span><\/p>\n<p><span style=\"font-size: x-small;\">Wenn Sie den auf der Webseite angebotenen Newsletter empfangen m\u00f6chten, ben\u00f6tigen wir von Ihnen eine Email-Adresse sowie Informationen, die uns die \u00dcberpr\u00fcfung gestatten, dass Sie der Inhaber der angegebenen Email-Adresse sind bzw. deren Inhaber mit dem Empfang des Newsletters einverstanden ist. Weitere Daten werden nicht erhoben.Ihre Einwilligung zur Speicherung der Daten, der Email-Adresse sowie deren Nutzung zum Versand des Newsletters k\u00f6nnen Sie jederzeit widerrufen.<\/span><\/p>\n<p><span style=\"font-size: x-small;\"><strong>Auskunftsrecht<\/strong><\/span><\/p>\n<p><span style=\"font-size: x-small;\">Sie haben jederzeit das Recht auf Auskunft \u00fcber die bez\u00fcglich Ihrer Person gespeicherten Daten, deren Herkunft und Empf\u00e4nger sowie den Zweck der Speicherung. Auskunft \u00fcber die gespeicherten Daten gibt Burkhard Peuker.<\/span><\/p>\n<p><span style=\"font-size: x-small;\"><strong>Weitere Informationen<\/strong><\/span><\/p>\n<p><span style=\"font-size: x-small;\">Ihr Vertrauen ist uns wichtig. Daher m\u00f6chten wir Ihnen jederzeit Rede und Antwort bez\u00fcglich der Verarbeitung Ihrer personenbezogenen Daten stehen. Wenn Sie Fragen haben, die Ihnen diese Datenschutzerkl\u00e4rung nicht beantworten konnte oder wenn Sie zu einem Punkt vertiefte Informationen w\u00fcnschen, wenden Sie sich bitte jederzeit an uns.<\/span><\/p>\n<p><span style=\"font-size: x-small;\"><strong>Verweise und Links<\/strong><\/span><\/p>\n<p><span style=\"font-size: x-small;\">Bei direkten oder indirekten Verweisen auf fremde Internetseiten, \u00fcbernehmen wir keine Haftung f\u00fcr eventuell entstehende Sch\u00e4den. Wir machen uns den Inhalt verlinkter Seiten nicht zu Eigen. Wir erkl\u00e4ren hiermit ausdr\u00fccklich, dass zum Zeitpunkt der Linksetzung keine illegalen ( kriminelle, pornografische ) Inhalte auf den zu verlinkenden Seiten erkennbar waren. Auf die aktuelle und zuk\u00fcnftige Gestaltung, die Inhalte oder die Urheberschaft der gelinkten \/ verkn\u00fcpften Seiten haben wir keinerlei Einfluss. Deshalb distanzieren wir uns hiermit ausdr\u00fccklich von den Inhalten aller gelinkten \/ verkn\u00fcpften Seiten.  F\u00fcr Sch\u00e4den, die aus der Nutzung oder Nichtnutzung solcherart dargebotener Informationen entstehen, haftet allein der Anbieter der Seite, auf welche verwiesen wurde, nicht derjenige, der \u00fcber Links auf die jeweilige Ver\u00f6ffentlichung  verweist.<\/span><\/p>\n<p><span style=\"font-size: x-small;\"><strong>Inhalt unseres Onlineangebotes<\/strong><\/span><\/p>\n<p><span style=\"font-size: x-small;\">Wir \u00fcbernehmen keinerlei Gew\u00e4hr f\u00fcr die Aktualit\u00e4t, Korrektheit, Vollst\u00e4ndigkeit oder Qualit\u00e4t der bereitgestellten Informationen.  Wir behalten uns ausdr\u00fccklich vor, Teile der Seiten oder das gesamte Angebot ohne gesonderte Ank\u00fcndigung zu ver\u00e4ndern, zu erg\u00e4nzen, zu l\u00f6schen oder die Ver\u00f6ffentlichung zeitweise oder endg\u00fcltig einzustellen.<\/span><\/p>\n<p><span style=\"font-size: x-small;\"><strong>Urheberrecht<\/strong><\/span><\/p>\n<p><span style=\"font-size: x-small;\">Wir sind bestrebt, in allen Publikationen die Urheberrechte der verwendeten Grafiken, Tondokumente, Videosequenzen und Texte zu beachten,unsere selbst erstellte Grafiken, Tondokumente, Videosequenzen und Texte zu nutzen oder auf lizenzfreie Grafiken, Tondokumente, Videosequenzen und Texte zur\u00fcckzugreifen. Das Copyright f\u00fcr ver\u00f6ffentlichte, von uns selbst erstellte Objekte bleibt allein beim Autor der Seiten. Eine Vervielf\u00e4ltigung oder Verwendung solcher Grafiken, Tondokumente, Videosequenzen und Texte in anderen elektronischen oder gedruckten Publikationen ist ohne unsere ausdr\u00fcckliche Zustimmung  nicht gestattet.<\/span><\/p>\n<p><span style=\"font-size: x-small;\"><strong>Werbung auf unseren Seiten<\/strong><\/span><\/p>\n<p><span style=\"font-size: x-small;\">Wir greifen auf Drittanbieter zur\u00fcck, um Anzeigen zu schalten, wenn Sie unsere Website besuchen. Diese Unternehmen nutzen m\u00f6glicherweise Informationen (dies schlie\u00dft nicht Ihren Namen, Ihre Adresse, E-Mail-Adresse oder Telefonnummer ein) zu Ihren Besuchen dieser und anderer Websites, damit Anzeigen zu Produkten und Diensten geschaltet werden k\u00f6nnen, die Sie interessieren. Falls Sie mehr \u00fcber diese Methoden erfahren m\u00f6chten oder wissen m\u00f6chten, welche M\u00f6glichkeiten Sie haben, damit diese Informationen nicht von den Unternehmen verwendet werden k\u00f6nnen, klicken Sie <a href=\"http:\/\/www.google.de\/privacy_ads.html\" target=\"_blank\" rel=\"noopener noreferrer\">hier<\/a>.<\/span><\/p>\n<p><span style=\"font-size: x-small;\"><strong>Rechtswirksamkeit dieses Haftungsausschlusses<\/strong><\/span><\/p>\n<p><span style=\"font-size: x-small;\">Dieser Haftungsausschluss ist als Teil des Internetangebotes zu betrachten, von dem aus auf diese Seite verwiesen wurde. Sofern Teile oder einzelne Formulierungen dieses Textes der geltenden Rechtslage nicht, nicht mehr oder nicht vollst\u00e4ndig entsprechen sollten, bleiben die \u00fcbrigen Teile des Dokumentes in ihrem Inhalt und ihrer G\u00fcltigkeit davon unber\u00fchrt.<\/span><\/p>\n","protected":false},"excerpt":{"rendered":"<p>Impressum car-bizz.de ein Service von Burkhard Peuker Fuhrparkberatung Schweilbacher Str. 148 52146 W\u00fcrselen bei Aachen T 02161\/6398369 M0171\/7703231 Umsatzsteuer-Identifikationsnummer gem. \u00a7 27a UStG: DE213746949 Inhaltlich Verantwortlicher gem. \u00a7 55 II RStV: Burkhard Peuker (Anschrift s.o.) Im Falle von Domainstreitigkeiten, eventuellen Verst\u00f6ssen gegen das TDG oder den MDStV oder bei wettbewerbsrechtlichen oder \u00e4hnlichen Problemen bitten wir &hellip; <a href=\"https:\/\/www.langzeitmiete-leasing.de\/bmw-leasing\/impressum\/\" class=\"more-link\"><span class=\"screen-reader-text\">Impressum<\/span> weiterlesen<\/a><\/p>\n","protected":false},"author":1,"featured_media":0,"parent":0,"menu_order":0,"comment_status":"closed","ping_status":"closed","template":"","meta":{"footnotes":""},"class_list":["post-23","page","type-page","status-publish","hentry"],"aioseo_notices":[],"_links":{"self":[{"href":"https:\/\/www.langzeitmiete-leasing.de\/bmw-leasing\/wp-json\/wp\/v2\/pages\/23","targetHints":{"allow":["GET"]}}],"collection":[{"href":"https:\/\/www.langzeitmiete-leasing.de\/bmw-leasing\/wp-json\/wp\/v2\/pages"}],"about":[{"href":"https:\/\/www.langzeitmiete-leasing.de\/bmw-leasing\/wp-json\/wp\/v2\/types\/page"}],"author":[{"embeddable":true,"href":"https:\/\/www.langzeitmiete-leasing.de\/bmw-leasing\/wp-json\/wp\/v2\/users\/1"}],"replies":[{"embeddable":true,"href":"https:\/\/www.langzeitmiete-leasing.de\/bmw-leasing\/wp-json\/wp\/v2\/comments?post=23"}],"version-history":[{"count":3,"href":"https:\/\/www.langzeitmiete-leasing.de\/bmw-leasing\/wp-json\/wp\/v2\/pages\/23\/revisions"}],"predecessor-version":[{"id":720,"href":"https:\/\/www.langzeitmiete-leasing.de\/bmw-leasing\/wp-json\/wp\/v2\/pages\/23\/revisions\/720"}],"wp:attachment":[{"href":"https:\/\/www.langzeitmiete-leasing.de\/bmw-leasing\/wp-json\/wp\/v2\/media?parent=23"}],"curies":[{"name":"wp","href":"https:\/\/api.w.org\/{rel}","templated":true}]}}